*p = 2*p + 3*r + 3, 3*p - 4*r + 1 = 0. Let h(n) = n + 4. Calculate h(p).
1
Let f be 2 - (-3 - -5 - 0). Let h(k) = 2 + 3 + f*k + k. Suppose -3*x = -4*x. Calculate h(x).
5
Let c be (2/(-3))/(-1)*30/(-20). Let d(i) = 4*i**2 - i - 1. What is d(c)?
4
Suppose 4*r + 24 + 4 = 0. Let c = 5 + r. Let d(u) = -u - 2. Determine d(c).
0
Suppose 2*h + 3*h - 40 = 0. Let n(m) = 6*m - 7. Let c(i) = 17*i - 20. Let r(x) = h*n(x) - 3*c(x). Determine r(3).
-5
Let g(y) = -3*y**2 + 2. Let h(f) = 4*f**2 - f - 2. Let i(v) = 3*g(v) + 2*h(v). What is i(2)?
-6
Let u(v) = v**3 - 7*v**2 + 5*v - 7. Let b(x) = -x + 8. Let y be b(2). Calculate u(y).
-13
Let w(d) = d - 2. Suppose 0 = 3*z - 4*k - 6, z = -2*z + 5*k + 6. Suppose 0 = -o - z*o. Suppose o = n + n + 10. Determine w(n).
-7
Let d be (-3)/(-4) + (-2)/(-8). Let n(k) = k**2 + 31 - 31 - k**3. Determine n(d).
0
Suppose -4*u + 2*u = 2. Suppose 3*n - 5 = 25. Let f(r) = -10*r**3 - 4 + 8*r**2 - n*r**2 + 4 - r. What is f(u)?
9
Let n(a) = -a. Let q be n(-3). Let t(d) = -1 + 2*d + q - d + 8. Suppose 10 = -2*w - 0. Give t(w).
5
Let n(i) = i - 5 + 3*i - 1 - 3*i. Let l(w) = w**2 + w - 16. Let c be l(-5). Determine n(c).
-2
Suppose 3*y - 3*m + 3 - 42 = 0, 4*y - 54 = 3*m. Suppose -2*c = -5*c - y. Let s(u) = -u**3 - 5*u**2 + 1. What is s(c)?
1
Let q(z) = -z**2 - 2*z. Let c be q(-3). Let o(p) = -4*p**2 - 3*p - 3*p**2 + 5*p**2. Calculate o(c).
-9
Let k(d) be the third derivative of -1/24*d**4 + 0 + 1/6*d**3 + 0*d + 2*d**2. Let s be (-2)/(-3) + (-16)/6. Calculate k(s).
3
Let u(h) = 11*h + 5. Let x(z) = -5*z - 2. Let r(y) = 6*u(y) + 14*x(y). Let n be 32 + (0 + 1)/1. Suppose 6*g + n = 2*g + 5*f, f + 5 = -5*g. Calculate r(g).
10
Suppose -3*b = -5*b - 20. Let n(a) = -a**3 - 9*a**2 + 9*a - 8. What is n(b)?
2
Let u(x) be the third derivative of 0 + x**2 + 0*x + 7/24*x**4 + 1/6*x**3. Determine u(1).
8
Let z(q) = q - 4. Suppose -23 = 2*x - 2*m - 7, -4*x = m + 12. Calculate z(x).
-8
Let n(k) be the second derivative of -1/20*k**5 + 1/12*k**4 - 2*k + 0 + 1/2*k**3 + k**2. Suppose -f - 7 = -3*g + 5, 5*g = 2*f + 21. What is n(g)?
-7
Let v(b) = 2*b + 6. Let d be (-18)/8*(-16)/(-6). Let q be 26/d - (-1)/3. Determine v(q).
-2
Let f(g) = -g**3 - 5*g**2 - 5*g + 4. Let i = 16 + -8. Let p(k) = k - 12. Let v be p(i). What is f(v)?
8
Let j(c) be the first derivative of c**3/3 + 2*c**2 - 3*c - 36. Let a be 1 + 0 + 1*3. Suppose a*i + 31 = 3*l + 11, i = 4*l - 5. Determine j(i).
2
Suppose 0 = -4*x - 3*b + 28, -2*b = b. Let u(h) = -h + 0*h + x*h**2 + 6*h + h**3 - 7. Let l = -683 + 677. Give u(l).
-1
Let g(j) = -j - 17. Suppose d + 126 = -8*d. What is g(d)?
-3
Let t(r) = -r**2 - 2*r - 2. Suppose 0 = -5*c - 14 - 1. Let l be t(c). Let b(v) be the second derivative of v**4/12 + 2*v**3/3 - v**2/2 + v. Give b(l).
4
Let o(d) be the first derivative of d**7/840 - d**6/360 - d**4/8 - 2*d**3/3 - 6. Let t(p) be the third derivative of o(p). What is t(0)?
-3
Let n(i) = -2*i - 11. Let f be n(-9). Suppose 9*y = f*y - 6. Let p(v) be the first derivative of -v**2 - v + 1. Give p(y).
5
Let z(t) be the second derivative of -t**5/4 - t**4/12 + t**2/2 - 10*t. Calculate z(-1).
5
Let t = 4 + -12. Let p be ((-6)/4)/(3/t). Let f(i) = -i**2 + 6*i - 4. Determine f(p).
4
Let j = 1 - -4. Let f = -2 + j. Let l be ((1 - 1)/f)/(-2). Let q(w) = -w**2 - w + 7. What is q(l)?
7
Let x(l) be the second derivative of -l**4/12 + l**3/2 - l**2/2 - l. Let k = 63 + -59. Give x(k).
-5
Suppose -2*i - 3*g = 5 - 1, i - 5*g = -2. Let k(b) = 8*b + 3. Give k(i).
-13
Let j(z) be the first derivative of z**4 + 2*z**3/3 - z + 156. Let c(k) = k + 0*k - 1 + 6. Let g be c(-6). Calculate j(g).
-3
Let y(n) = 2 + 0*n - 3 + 0*n + n. Determine y(-5).
-6
Suppose -5*y = -y. Let v(w) be the first derivative of 1/3*w**3 + 1/4*w**4 - 1/2*w**2 + 5*w + 3. Calculate v(y).
5
Let v(y) = -y**3 + 7*y**2 - 7*y + 3. Let o(f) = 6*f. Let a be o(1). Determine v(a).
-3
Let b(z) = -z + 11. Suppose 0 = 2*v - 8*v. Determine b(v).
11
Let s be 3/(-15) - (-6)/5. Let y(f) = -4*f**2 - 2*f + 1. Give y(s).
-5
Let s(f) = -f**2 + 12*f + 5. Let x(y) = -y + 1. Let p(a) = s(a) + 6*x(a). Calculate p(9).
-16
Let j(a) = -a. Let c be j(-5). Suppose 3*g = y - 0*g + 8, c*y + 4*g = 17. Let w(r) be the third derivative of 5*r**4/24 + r**3/6 - r**2. Calculate w(y).
6
Let v(k) = 12 - 6*k**2 + 11*k - 10 - 5 - 4*k + k**3. What is v(5)?
7
Suppose 0 = o + 1 - 4. Let m be ((-3 + o)/(-3))/1. Let x(q) = -q. Give x(m).
0
Let k(p) = -2 + 5*p - 2*p**2 - 6 + 3 + 4*p**3. Let f(m) = 2*m**3 - m**2 + 3*m - 3. Let o(i) = 5*f(i) - 3*k(i). Give o(-1).
3
Let w be (-2)/3 - (-20)/(-15). Let b = 1 + 1. Let r(f) = 0*f**2 + f**2 + 1 - 2*f**b. What is r(w)?
-3
Let s(x) = x**2 - 6*x - 1. Let h(d) = 7*d - 1. Let m be h(1). Let b be 1/(-3) - (-32)/m. Calculate s(b).
-6
Let r = -16 + 10. Let f = 4 + r. Let b(m) = 3*m**2 + m - 16. Let t(x) = 2*x**2 + x - 11. Let q(w) = 5*b(w) - 7*t(w). What is q(f)?
5
Let k(z) = z**3 + 2*z**2 + 2. Let t be k(-2). Let h(d) = 3 - 2*d**3 + d**2 - 4*d**3 - 2*d**2 - t. Calculate h(-1).
6
Let f(h) = -h + 3. Let z(w) = w**2 - w + 1. Let d(c) = -7*c**2 + 3*c - 8. Let s(n) = -d(n) - 5*z(n). Let m be s(-2). Calculate f(m).
-4
Suppose -m + 6*m - 10 = 0. Let r(i) = -4 + i**2 + i**3 + 1 - 2*i**3 + m*i. Suppose 2*v - 7*v + 10 = 0. What is r(v)?
-3
Suppose -3*f + 9 = -0. Let m(c) = -c + 6*c - f*c. Determine m(3).
6
Let b(c) = -14*c**3 + c**2 - 17*c - 20. Let h(w) = 5*w**3 + 6*w + 7. Let o be (24/(-10))/(8/(-20)). Let f(k) = o*b(k) + 17*h(k). Give f(-6).
-1
Let f(k) = -4*k**3 + 2*k**2 - k + 5. Let q(d) = 5*d**3 - 3*d**2 + d - 4. Let m(y) = -4*f(y) - 3*q(y). Give m(0).
-8
Let t(w) be the first derivative of 0*w - 1/2*w**2 + 7. Give t(2).
-2
Suppose -10 - 14 = -4*z. Let x(r) = -r**3 + 5*r**2 + 5*r - 1. Calculate x(z).
-7
Suppose 5*t + 44 = -3*n - 37, 3*t + 2*n + 49 = 0. Let x be t*(10/6)/(-5). Let f(d) = 2*d - 23. Let j(q) = q - 12. Let m(i) = 6*f(i) - 11*j(i). Give m(x).
-1
Suppose 5 = q - 2*q, 0 = 4*v + 5*q + 49. Let o(w) = -9*w + w**2 - 12 - 10 + 23. Let j(g) = -3*g**2 + 19*g - 3. Let t(d) = 2*j(d) + 5*o(d). What is t(v)?
5
Let y(j) = -4*j**2 + 10*j - 2. Let l(o) = -o**2 + o - 1. Let z(w) = 4*w + 1. Let g be z(1). Let s(b) = g*l(b) - y(b). What is s(-3)?
3
Suppose -2*w - 3*w = -10. Let i(u) = 3 - u**3 + 2*u**2 - u**w + 4*u**2. Determine i(5).
3
Let x = 25 + -25. Suppose -4*d + 2 = -x*n - 3*n, 3*n - 5*d = -7. Let l(h) = -2*h - 2. Calculate l(n).
-14
Let l(j) = j**3 - 3*j**2 - 5*j - 3. Let y(z) = z**3 - 3*z**2 - 4*z - 2. Let f(n) = 4*l(n) - 5*y(n). Give f(3).
-2
Suppose 2*o + o = 12. Let y(t) = 1 - t - 3*t**3 + 3*t - o*t**3. Calculate y(-1).
6
Let n(i) be the second derivative of -i**6/240 + i**5/60 + i**4/3 - 7*i. Let u(l) be the third derivative of n(l). Calculate u(-3).
11
Let q(a) be the second derivative of -a**4/12 + a**3/3 - 6*a. Let h(b) = -2*b - 8. Let g be h(-6). Calculate q(g).
-8
Let i(v) = -7*v - 12*v**2 - 2 + 15*v**2 - 4*v**2. Suppose -4*f - 5*k = -5, 2 + 8 = -f + k. Determine i(f).
8
Let x(f) = 4*f + 2*f**2 - 2*f**3 + f**3 + 0*f**3. Let a be (-3 + 0)/(-3)*5. Let z be (-16)/(-5) - 1/a. Determine x(z).
3
Let o = 18 + -5. Let f(p) = 0 - 19 + 3*p + 3*p + 5*p + o*p**2. Let n(y) = 7*y**2 + 6*y - 10. Let x(z) = -6*f(z) + 11*n(z). Calculate x(-3).
-5
Suppose -21 = -2*k - 2*g - g, -4*g - 6 = -3*k. Let a(u) = u - 8. What is a(k)?
-2
Let f = -4 - -8. Suppose 0 + 10 = 2*z. Suppose -c = f*c + z. Let h(j) = 3*j**3 - j**2 + 1. Give h(c).
-3
Let w(y) = -25 + 5*y + 6*y**2 - 5*y**2 + 27. Suppose 0 = -h + 2 - 6. What is w(h)?
-2
Suppose 4*d = 2*g + 22, d + 0*d = -2*g + 3. Let y(h) = 0 + d - 3 - 3 - h. Determine y(-4).
3
Let j be (-2 - 1/1)*1. Let t = -1 - -6. Let n(q) = q**3 - 4*q**2 - 9*q + t*q + 5*q**2 + 1. Give n(j).
-5
Suppose 3*a - 3 = 3*s, 0 + 2 = 2*a - s. Suppose 0 = 4*m + 5*w - 18, m + 2 = 3*w - w. Let x(j) = -j - 4*j**2 - m + 1 + 2*j. Determine x(a).
-4
Let j = 20 + -18. Suppose 0 = -0*d - j*d. Let m(y) = -y**3 - y**2 - 14. What is m(d)?
-14
Suppose -14 + 2 = -3*r. Let j = r + -2. Suppose 7 = 5*g + j. Let u(w) = -5*w. Determine u(g).
-5
Let f(a) be the second derivative of a**3/6 + 3*a**2 - 2*a. Determine f(6).
12
Let f(t) be the third derivative of 5*t**2 + 0*t**3 - 1/12*t**4 + 0*t + 0. Let j be (1/2)/(4/(-8)). Determine f(j).
2
Let o(m) be the third derivative of 1/120*